29).
34
Let q(x) = -31*x - 213. What is q(-2)?
-151
Let s(u) = u**3 + 3*u**2 - 407*u - 2372. What is s(-6)?
-38
Let g(l) = 270*l - 2684. Give g(10).
16
Let l(m) = 15*m - 776. What is l(67)?
229
Let c(n) = -n**2 + 29*n - 93. Calculate c(17).
111
Let z(u) = -10*u**3 + 80*u**2 - 75*u + 25. Calculate z(7).
-10
Let j(m) = -10*m + 97. What is j(-13)?
227
Let b(s) = -68*s - 4965. Determine b(-73).
-1
Let t(r) = -19*r**2 - 235*r - 54. Give t(-12).
30
Let d(t) = 60*t + 373. Determine d(-6).
13
Let c(u) = -u - 18. Calculate c(-34).
16
Let b(n) = -44*n + 2660. Give b(55).
240
Let f(t) = -2*t + 8. Calculate f(-17).
42
Let t(s) = 8*s**3 - 24*s**2 - 5*s - 14. Determine t(5).
361
Let d(x) = -x**3 - 196*x**2 + 16639*x - 253. Give d(-260).
7
Let i(m) = -m**3 - 5*m**2 + 17*m + 13. Determine i(-7).
-8
Let k(b) = -2*b**2 - 467*b + 2640. Determine k(-239).
11
Let m(u) = -131*u**2 - 916*u + 1. What is m(-7)?
-6
Let g(v) = 10*v - 154. Give g(25).
96
Let w(s) = -351*s - 2103. Calculate w(-6).
3
Let t(i) = i**3 + 16*i**2 + 46*i + 246. Calculate t(-14).
-6
Let p(f) = 11*f + 402. What is p(-51)?
-159
Let v(t) = -19*t + 55. What is v(16)?
-249
Let n(q) = -q**2 + 419*q - 5284. Give n(13).
-6
Let g(h) = -58*h - 3339. What is g(-60)?
141
Let v(z) = -16120*z - 257920. Give v(-16).
0
Let y(g) = 19*g + 401. Determine y(-20).
21
Let u(z) = -z**2 + 2*z + 87. Determine u(11).
-12
Let y(v) = -v**2 + 454*v - 7270. What is y(16)?
-262
Let x(c) = -4*c**3 + 3*c**2 - 4*c - 2. Calculate x(2).
-30
Let j(a) = -2*a**3 - 48*a - 103. Give j(-2).
9
Let l(m) = -10*m**3 + 10*m**2 - 21*m + 22. Calculate l(1).
1
Let h(x) = -73*x - 3030. Calculate h(-43).
109
Let f(x) = 108*x - 129. Give f(1).
-21
Let p(r) = -r**2 + 38*r + 799. Calculate p(53).
4
Let a(i) = -44*i - 122. Determine a(0).
-122
Let k(s) = -s**3 + 61*s**2 + 251*s - 15296. Determine k(61).
15
Let w(o) = -19*o - 1085. Calculate w(-26).
-591
Let c(r) = -r**3 + 21*r**2 + 24*r - 103. What is c(22)?
-59
Let l(b) = b**3 + 4*b**2 + 17*b + 10. Determine l(-6).
-164
Let g(p) = 22*p - 1186. Determine g(49).
-108
Let t(g) = g**2 + 57*g + 1. What is t(0)?
1
Let f(a) = 7*a**3 - 14*a**2 + 18*a - 2. Give f(4).
294
Let b(y) = 2*y**3 - 63*y**2 - 37*y + 192. Determine b(32).
32
Let g(c) = c**3 + 37*c**2 + 46*c + 363. Calculate g(-36).
3
Let m(t) = 877*t + 5297. What is m(-6)?
35
Let w(u) = -3*u**2 - 23*u - 70. Calculate w(-12).
-226
Let f(c) = -c**3 + 46*c**2 - 131*c + 94. Give f(43).
8
Let a(d) = -1995*d - 21927. Determine a(-11).
18
Let d(v) = v**2 - 10*v - 316. What is d(25)?
59
Let k(o) = -o**3 - 27*o**2 - 16*o + 255. What is k(-26)?
-5
Let o(f) = 6*f**2 - 43*f + 30. Give o(7).
23
Let t(b) = -10*b**2 - 80*b + 518. Give t(-12).
38
Let q(d) = d**2 - 30*d - 100. What is q(31)?
-69
Let r(y) = -2*y**2 - 242*y + 3313. Give r(-133).
121
Let p(r) = -16*r + 73. What is p(11)?
-103
Let l(q) = 2*q**2 - 1804*q + 8988. Determine l(5).
18
Let c(j) = -j**3 + 5*j**2 + j + 29. Calculate c(6).
-1
Let z(x) = x**2 - 144*x + 4928. Give z(88).
0
Let n(r) = -r**3 - 23*r**2 - 80*r - 44. What is n(-19)?
32
Let w(f) = -75*f - 526. Give w(-7).
-1
Let w(t) = t**2 + 564*t - 8683. What is w(15)?
2
Let b(z) = -z**3 - 5*z**2 + 12*z + 39. Give b(-6).
3
Let a(k) = 7*k + 227. Determine a(-16).
115
Let i(m) = m**3 + 23*m**2 + 172*m + 3961. Determine i(-23).
5
Let o(i) = -573*i - 4019. Calculate o(-7).
-8
Let t(k) = 6*k + 231. Calculate t(0).
231
Let l(p) = -3*p**2 - 65*p + 133. Determine l(2).
-9
Let i(c) = -c**2 - 56*c - 411. Calculate i(-52).
-203
Let k(z) = 2*z**2 + 20*z + 77. What is k(-9)?
59
Let v(s) = 8*s**3 + 59*s**2 - 40*s - 19. Determine v(1).
8
Let u(w) = w**2 + 824*w - 2472. Give u(3).
9
Let t(h) = -h**3 - 30*h + 10. Give t(5).
-265
Let h(w) = -87*w**2 + 291*w - 291. Give h(1).
-87
Let z(y) = 10*y**2 + 160*y - 157. Determine z(-17).
13
Let u(h) = -h**2 + 137*h + 2449. Calculate u(153).
1
Let j(v) = 563*v + 1126. Calculate j(-2).
0
Let o(y) = 3*y**2 - y + 2. Determine o(2).
12
Let s(c) = -c**3 - 8*c**2 + 9*c - 15. Determine s(-7).
-127
Let h(y) = -385*y + 4665. Determine h(12).
45
Let h(b) = -9*b**2 + 43*b - 1. Give h(4).
27
Let y(s) = -316*s + 4068. Calculate y(13).
-40
Let o(l) = 4*l**3 + l**2 + 6*l + 6. Give o(-1).
-3
Let c(g) = -85*g + 516. Calculate c(6).
6
Let q(p) = 19*p + 152. Give q(-4).
76
Let s(m) = m**2 + 48*m + 36. Determine s(-49).
85
Let j(l) = 250*l + 3509. Determine j(-14).
9
Let f(r) = -r**2 + 26*r + 6444. What is f(-68)?
52
Let w(m) = -1589*m + 90581. What is w(57)?
8
Let o(l) = -l**2 + 17*l + 425. What is o(-14)?
-9
Let t(h) = 5*h**2 + 2*h - 14. What is t(5)?
121
Let t(f) = -113*f**3 + 2*f**2 - 37*f - 37. Calculate t(-1).
115
Let z(s) = -2*s**2 + 31*s - 56. What is z(2)?
-2
Let t(n) = -n**2 - 8*n + 305. What is t(13)?
32
Let c(f) = -f**3 - 10*f**2 - 59*f - 277. Give c(-7).
-11
Let s(v) = -v**2 + 15*v + 9. Determine s(14).
23
Let w(t) = 21*t**2 + 15*t + 27. Determine w(-2).
81
Let r(b) = 64*b - 312. What is r(6)?
72
Let p(u) = 111*u + 7441. What is p(-67)?
4
Let v(a) = 2*a**3 + 184*a**2 + 15*a + 1362. Give v(-92).
-18
Let o(z) = -5035*z - 130913. Calculate o(-26).
-3
Let p(f) = 2*f**3 - 6*f**2 + 17*f - 20. Calculate p(5).
165
Let x(t) = 2*t**2 - 13*t - 22. Give x(7).
-15
Let l(b) = 6*b**2 - 187*b + 994. Determine l(7).
-21
Let o(m) = 2*m**3 + 13*m**2 - 55*m + 29. Determine o(3).
35
Let s(q) = -q**2 + 41*q + 74. Calculate s(52).
-498
Let r(a) = a**3 - 28*a**2 + 74*a + 40. Calculate r(25).
15
Let b(w) = w**3 - 50*w**2 + 61*w - 58. What is b(49)?
530
Let w(v) = -2*v**3 + 64*v**2 - 224*v. Give w(28).
0
Let r(i) = 39*i - 566. Give r(14).
-20
Let j(b) = -438*b + 2801. Give j(6).
173
Let y(z) = z**3 - 88*z**2 - 112*z + 2046. What is y(89)?
-1
Let z(w) = -w**3 + 84*w**2 + 3003*w + 156. Give z(-27).
-6
Let b(i) = -i**2 + 17*i - 68. Determine b(3).
-26
Let b(d) = -6*d**2 - 116*d + 94. Calculate b(-20).
14
Let v(w) = w**3 + 2*w**2 - 3*w + 33. Calculate v(-6).
-93
Let o(m) = 3*m**2 - 143*m + 1133. Give o(10).
3
Let n(z) = 3*z**3 + 7*z**2 - 19*z - 14. Give n(-5).
-119
Let i(w) = -w**3 + 45*w**2 + 256*w - 299. What is i(50)?
1
Let x(r) = 3*r + 45. Determine x(8).
69
Let j(y) = 238*y + 5177. Calculate j(-21).
179
Let t(h) = 54*h + 686. Calculate t(-10).
146
Let u(w) = w**3 - 33*w**2 + 175*w - 345. What is u(27)?
6
Let l(x) = 261*x - 1539. What is l(6)?
27
Let z(x) = 8*x - 121. Determine z(31).
127
Let b(i) = i**2 + 6769*i + 7. Calculate b(0).
7
Let v(x) = -206*x**2 - 5*x - 6. What is v(-1)?
-207
Let c(i) = i**3 - 9*i**2 + 50*i + 8. What is c(4)?
128
Let j(l) = l**3 + 113*l**2 + 134*l + 2441. Give j(-112).
-23
Let f(t) = t**2 + t - 9. Determine f(9).
81
Let a(g) = 3*g**2 - 25*g - 126. Give a(12).
6
Let v(a) = -92*a + 384. Give v(4).
16
Let j(u) = 28*u - 404. Calculate j(13).
-40
Let c(j) = 28*j + 437. Calculate c(-15).
17
Let i(t) = t**3 + 21*t**2 + 81*t - 52. Determine i(-16).
-68
Let r(d) = d**3 - d**2 - 7*d + 42. What is r(0)?
42
Let r(j) = -2*j**3 - 196*j**2 + 29*j + 2833. Give r(-98).
-9
Let o(d) = -221*d + 1318. Give o(6).
-8
Let h(j) = -14*j**2 - 113*j + 298. What is h(2)?
16
Let k(f) = f**2 + 224*f + 10779. Determine k(-70).
-1
Let j(o) = -32*o - 35. What is j(-4)?
93
Let r(o) = -o**3 - 4*o**2 - 131*o - 264. Determine r(-2).
-10
Let r(a) = -2*a**3 - 71*a**2 + 121*a + 347. Calculate r(-37).
-23
Let x(d) = -715*d - 716. What is x(-1)?
-1
Let a(i) = 2*i**2 + 102*i - 1389. Determine a(13).
275
Let k(o) = -o**3 - 7*o**2 - 21*o - 75. What is k(-5)?
-20
Let m(z) = z**2 + z - 130. Determine m(0).
-130
Let n(v) = 445*v - 15131. Give n(34).
-1
Let o(x) = -82*x - 173. Give o(3).
-419
Let r(v) = v**2 - 56*v - 8. Calculate r(0).
-8
Let x(a) = -a**3 - 30*a**2 + 5*a + 118. Determine x(-30).
-32
Let z(p) = 49*p - 272. Determine z(9).
169
Let x(n) = -48*n**2 - 6*n + 6. What is x(1)?
-48
Let g(p) = 33*p**2 - 527*p - 26. Calculate g(16).
-10
Let c(u) = -u**3 - 32*u**2 + u + 75. Determine c(-32).
43
Let b(u) = -56*u - 1838. Calculate b(-33).
10
Let m(r) = -64*r - 5574. Give m(-87).
-6
Let p(l) = 155*l**2 + l + 2. Calculate p(1).
158
Let f(u) = 17*u**2 - 174*u + 21. Calculate f(10).
-19
Let w(v) = 122*v + 2035. Determine w(-17).
-39
Let g(x) = -13*x**2 - 12*x + 142. Give g(-8).
-594
Let q(m) = -m**3 - 17*m**2 - 55*m + 5. Give q(-13).
44
Let h(r) = -r**3 + 10*r**2 + 28*r - 339. Wh